(-60 - -31)).
40
Evaluate (47 - 42) + -35 + -1.
-31
What is 1 + -13 + 14 + -3 - (-5 - (-3 - -31))?
32
What is 1 - 3 - (211 - 232) - -30?
49
(-24 - -1 - (132 - 101)) + -13
-67
0 - (-15 + -10) - 0 - (-12 + 13)
24
What is 14 + 0 - (-112 + (9 - -19))?
98
Evaluate 24 + -40 - (4 + -10) - -81.
71
Evaluate (5 - (11 - -4) - -15) + -2 + 10.
13
Calculate 52 + -57 + (-45 - -79).
29
What is the value of 41 + -19 - 30 - -5 - -18?
15
49 - (0 + 4 - (-31 - (1 + -32)))
45
What is the value of -9 - (-68 + -16 + 40)?
35
Calculate (-20 + (5 - -5) - -38) + -21.
7
What is (0 + 0 + -24 - (12838 + -12858)) + -17?
-21
Evaluate 83 + (45 - 29) - 5.
94
What is the value of 18 + (-19 - (5 - (-6 - -17) - 40))?
45
(41 - (-21 - -53)) + (-14 - -9)
4
15 + -23 - (-3 + (-13 - -9) + -2 - -14)
-13
What is the value of 96 - (0 - ((1 - -2) + -3)) - (81 + -70)?
85
What is -102 - (-34 + 83 + -104)?
-47
Calculate -168 + (-96 - -194) - -20.
-50
Calculate 7 + 1 + 0 + -4 + (-5 - (0 - 19)).
18
What is 48 - (-20 + 57 - 0)?
11
16 + 4 + (8 + 13 - 6) + -18
17
What is -2 + 3 + (-56 - -40 - -19)?
4
Calculate -1220 + 1304 - (53 - 2).
33
Calculate 22 + (-10 - (-44 - -21)) + -21.
14
What is the value of 17 + 10 + -51 + (17 - -8)?
1
What is the value of 2 + -5 + -2 + 50 - (-65 + 75)?
35
Calculate 47 - 44 - -21 - -18.
42
Calculate (60 - -1) + 708 + -719.
50
Evaluate 12 - (-18 - 4) - (8 + -29).
55
Calculate -64 - (-36 - 27) - (17 + -3).
-15
Evaluate 133 + -198 + -10 - (-5 + (0 - 2) + 4).
-72
Evaluate -2 - -3 - 78 - (0 + 48 + -64).
-61
Calculate 52 + (-101 - -42) + (-86 - (-6 + 4)).
-91
What is 115 + -2 - -1 - (-1060 - -1079)?
95
What is the value of -1 + (4 - 2) + -4 - (465 + -397)?
-71
What is (202 - 86) + 18 + -188?
-54
What is the value of 116 - -26 - 33 - (11 + 25)?
73
Evaluate 1 - -4 - (-1 + 29 + -22 - -8) - -5.
-4
Evaluate (-3 - -1) + (-1 - 4) + -1 - (-557 + 603).
-54
What is 25 + (-30 - -83) - 27?
51
What is 52 - (148 + -47 - 27)?
-22
6 + (697 - 715 - (-1 + -1))
-10
What is 30 + (-17 - -41) + -29 - -9?
34
Evaluate -4 - ((-24 - -1) + -10 + 22 + 15).
-8
What is the value of 159 + -156 + -3 + -9?
-9
Calculate 342 - 286 - (1 + 1 + -5 - (5 - 10)).
54
What is -12 + (1 - -61) + -30?
20
What is the value of (113 - 87) + -40 + 8?
-6
-40 - (-80 - -67) - -25
-2
Evaluate -104 - 30 - -113 - (19 + 1).
-41
What is -24 - ((16 - (37 - 7)) + -7)?
-3
Calculate 86 + -95 + (-19 - -21) + -65.
-72
Calculate (-6 - (-6 - 49)) + 0 + -36 + 17.
30
What is the value of (-50 + (4 - -5) - -12) + 5 + -2 + 1?
-25
What is -62 + (22 - (56 - 41 - -23))?
-78
What is -3 - -1 - (-12 + 10 + 4) - (-37 - -6)?
27
Calculate -11 + -6 + (20 - (-13 + 18)) + -6.
-8
Calculate (-6 + -3 + 3 - -8) + (11 - 23) + -49.
-59
Calculate 1 - ((-47 - -6) + 19 - 1).
24
Calculate -19 + -7 - (-15 + 21 - -18).
-50
What is the value of (-6 - 1) + -139 + 128 - -23?
5
What is 23 - ((-1 - 1) + 25 + 44)?
-44
Calculate -5 - (-64 + 28) - 27 - (-3 - -16).
-9
15 + (-21 - (-12 + 1 + -11 + -3))
19
Calculate 1 + 11 + (2 + (25 - 20 - 34) - -18).
3
What is 38 + -71 + (53 - -32)?
52
Calculate 1 + (49 - 45) + (-19 - 3).
-17
42 + -61 + -7 - (5 - -29)
-60
What is the value of 8 + 4 + (-2 - (3 + 9 - 7)) + -4?
1
Evaluate -1 - (51 - 7) - (7 + -6 + 9 + -10).
-45
Calculate -7 + -78 + (26 - 20).
-79
21 - (9 - 10) - 11 - (-5 + -4) - -5
25
-12896 - -12874 - (1 + (88 - 2))
-109
What is ((1 - -1 - 2) + 0 - 3) + 61 + -94?
-36
Calculate 13 - (-31 + 74) - -71.
41
What is -58 - (2 - 10 - (-16 - (-5 - (-9 - -12))))?
-58
What is the value of -22 - (19 - 36) - (0 - 1) - 16?
-20
What is (21 - 91 - -46) + (27 - 2)?
1
What is the value of 221 + -253 + (17 - (7 - 5)) - 109?
-126
What is 15 + (-34 - 6) + -3 + -2?
-30
117 + -4 + -105 + 14
22
Calculate (23 - (1 + (2 - -10)) - 2) + 3.
11
Calculate -987 + 1001 - (-43 - 1).
58
Evaluate (-5 - (-10 - -9)) + 2 - ((13 - -6) + 13).
-34
What is 12 + -43 + -2 + -1 + (3 - (2 + 1))?
-34
(2 - -26) + 39 + -5
62
(-119 - (-106 - 83)) + -170
-100
Calculate -1 - -20 - (-14467 + 14543).
-57
Calculate -31 + (29 - 8) + -19 - (0 + -3).
-26
Evaluate -8 + (15 - -13 - 3) - -79.
96
Calculate (42 - 46) + (0 - -21 - -2).
19
Calculate 8 + (-7 - (-25 + 8) - -6).
24
Evaluate 12 + (21 - (-60 + 87)).
6
Evaluate 1832 + -1738 + 4 + -130.
-32
What is -6 + 3 - 6 - (-45 + 31) - 53?
-48
Evaluate 30 + (7 - -5) + (25 - 48).
19
What is the value of 0 + 10 + (12 - -2 - 12) - (30 - 18)?
0
1964 - 2029 - (-100 + 1)
34
Evaluate 6326 + -6345 + (-1 - -2) + 22.
4
-36 + -42 + (-41 - -66)
-53
Calculate 41 - (104 + -115 + 12 + (-2 - 3)).
45
What is the value of (-27 + 7 - -30) + (5 - (-7 + 9))?
13
Calculate 29 + (23 + -4 + 15 - 135).
-72
Calculate 65 - (-3 + -15 + (43 - 20)).
60
What is the value of 0 + 55 + -22 + 32?
65
Evaluate -134 + 137 + (4 + 6 - -6).
19
Evaluate 1 + 12 + -2 + 23 + -10 + -8.
16
Evaluate (0 - 6) + 8 - ((-11 - 5) + -16).
34
Evaluate 89 - 97 - (9 - (-3 - 6 - -29)).
3
(24 + 20 - 18) + -66
-40
Calculate (33 - 52) + -20 - -41.
2
What is (-3 - -3) + 7 - (12 + 36 + -48)?
7
Calculate (-65 - -18) + -5 + 7 + -5 + 12.
-38
What is (73 - (-49 - -44)) + -36?
42
7 + 0 + (2981 - 2998)
-10
Evaluate -37 + 68 + -15 + -29 + 9.
-4
Calculate 19 + (15 - (-9 - -35) - 1) - (-4 + 49).
-38
What is 59 - (-13 - (1 - 27))?
46
What is 20 + -4 + -5 + 81 + (12 - (-17 + 45))?
76
Evaluate (2 - -4) + 3 + -54 + 24.
-21
What is (2 + 4 - 12) + (67 - (19 - 10))?
52
What is 4 - (-1 + 0) - (-11 + 1 + 46 + -20)?
-11
What is (36 + 29 + -26 - 24) + -27 - (2 + 4)?
-18
Calculate 0 + 10 + 0 + (11 - (37 - 3)).
-13
Calculate -139 + (-2 - 2) - (-6 + -18 + 21).
-140
Evaluate -45 + (-11 - (36 - 80)) + -20.
-32
What is (7 - (-51 - -2)) + (-7 - (-11 - (7 + -24)))?
43
What is -20 - (110 - 115 - -104)?
-119
What is the value of -27 + (115 - 59) + -24?
5
What is the value of 45 + 47 + -87 + -26?
-21
What is the value of (-5 - 0) + 1507 + -1460?
42
54 + (11 - (10 - (53 - 31)))
77
What is 1 - (-5 - 0 - (119 + -118) - -9) - -39?
37
12 - (-7 + 0 + (-110 - -92))
37
Calculate (-9 - (-24 - -23 - (-3 - (-2 - 4)))) + 40.
35
Evaluate 14 + -8 + 3 - 8 - 0 - (16 - 26).
11
Calculate -53 + 39 - -4 - (-2 - -3 - 12).
1
-2 + -9 - -1 - (-4091 - -4109)
-28
What is the value of 17 - (3 + -13) - (153 + -22)?
-104
What is 10 + (2 - (-1 + 23) - (1112 - 1170))?
48
Evaluate 58 + (659 - 672) + 28 + 1.
74
-3 + -72 - -61 - (-17 - 2)
5
-37561 - -37538 - (-87 - (-1 + 1))
64
-83 - (25 + -83) - -3
-22
What is the value of (31 + -38 + 14 + -19 - (-1 - 1)) + -41?
-51
Calculate (1146 - 1230) + (5 - -11).
-68
Evaluate 28 + 4 - ((-11 - -8) + 24).
11
17 + 0 - (86 - 45 - 34) - -12
22
What is (-9 - 1) + 1 + -2 - (19176 + -19184)?
-3
What is the value of (1 - -14) + -128 + (36 - (7 + -15 + 70))?
-139
(-69 - -130 - -41) + -4 + -30
68
What is the value of (-1003 - -1020) + 1 + 1?
19
What is the value of 122 + -120 + (-8 - 0) + -50 - (12 + -3)?
-65
Evaluate -23 - (-12 - -29 - 12).
-28
What is the value of 23 + -4 + 0 + 45 + -59?
5
Calculate -28 + 138 + -49 + -78.
-17
-28 + 2 - (-43 + 145 - 72)
-56
What is the value of 104 + -398 + 129 + 28?
-137
What is the value of 2834 + -2831 - (2 - 3 - (-1 - 40))?
-37
54 + -27 + 10 + 3 + -17
23
Evaluate 9 + -3 + 6 + -1 + (-18 - (57 + -25)).
-39
What is -97 + (4 - -7 - 23 - (-7 - 6) - -12)?
-84
What is (0 + -3 - -12) + (40 - 48) + -1 - 54?
-54
Evaluate -112 + 1 - (-9512 + 9419).
-18
What is the value of (2 - (3 - -59)) + 18?
-42
What is 6 - -24 - 13 - 1 - -10?
26
What is (16 - (-3 + 4)) + -19 + 30?
26
Calculate 0 - 12 - (2 + 8 - 18).
-4
Calculate -3 + (16 - 8) + 186 + -199.
-8
Calculate 14 - (-2 - -4 - (-311 + 296)).
-3
Evaluate (-46 - (16 + -20)) + 124 + 3.
85
What is the value of (-14 - (-7 + 5)) + -17 + (7 - -34)?
12
What is -102 + (53 - 77) + (-9 - -33) + 7?
-95
Calculate -94 - (80 - (-5 - -208)).
29
What is the value of 14 + (51 - (-5 - -6)) + -2?
62
What is -17 - (-36 - -63) - 8?
-52
What is 6 + 14 - (-43 - (5 - 25))?
43
Evaluate (-127 - -205) + -12 + 34.
100
What is the value of -40 - ((85 - 88) + 1 + 15) - (4 - 10)?
-47
What is 7 + 68 + (1 - (10 - 2)) - (-6 + 4)?
70
What is the value of -353 - -362 - ((23 - 14) + (-5 - -1))?
4
Evaluate -67 + (6 + -6 - -29) - 21.
-59
What is the value of 60 + (4 + -16 - -13 - 14 - -7)?
54
Calculate (-23 - -31) + (2 - (42 - -3 - -3)).
-38
What is the value of (7422 - 7359) + (-1 - 41)?
21
Calculate (-1